{"id":1017,"date":"2025-05-29T11:31:42","date_gmt":"2025-05-29T09:31:42","guid":{"rendered":"https:\/\/lucecieszyn.pl\/?page_id=1017"},"modified":"2025-08-29T15:38:35","modified_gmt":"2025-08-29T13:38:35","slug":"polkolonia","status":"publish","type":"page","link":"https:\/\/lucecieszyn.pl\/?page_id=1017","title":{"rendered":"P\u00f3\u0142kolonia"},"content":{"rendered":"<p>[et_pb_section fb_built=&#8221;1&#8243; custom_padding_last_edited=&#8221;off|desktop&#8221; admin_label=&#8221;Services&#8221; _builder_version=&#8221;3.22&#8243; custom_padding=&#8221;|||&#8221;][et_pb_row _builder_version=&#8221;4.9.2&#8243; _module_preset=&#8221;default&#8221;][et_pb_column type=&#8221;4_4&#8243; _builder_version=&#8221;4.9.2&#8243; _module_preset=&#8221;default&#8221;][et_pb_text _builder_version=&#8221;4.9.2&#8243; _module_preset=&#8221;default&#8221; text_orientation=&#8221;justified&#8221;]<\/p>\n<p>Rakacje z energi\u0105, ruchem i u\u015bmiechem?<\/p>\n<p>Tylko z LUCE\u2013 sportowe p\u00f3\u0142kolonie 2025!<\/p>\n<p>Po raz pierwszy w Cieszynie.<span class=\"Apple-converted-space\">\u00a0<\/span><\/p>\n<p>Niezapomniany turnus pe\u0142ny aktywno\u015bci, przyg\u00f3d i \u015bwietnej zabawy!<\/p>\n<p>&nbsp;<\/p>\n<p>Drodzy Rodzice,<\/p>\n<p>je\u015bli szukacie miejsca, gdzie Wasze dziecko nie tylko sp\u0119dzi czas bezpiecznie, ale te\u017c wr\u00f3ci do domu z wypiekami na twarzy i plecakiem pe\u0142nym wspomnie\u0144 \u2013 p\u00f3\u0142kolonia na sportowo z LUCE jest w\u0142a\u015bnie dla Was!<\/p>\n<p>Dlaczego LUCE?<\/p>\n<p>Nasza filozofia to sport, u\u015bmiech i rozw\u00f3j w duchu rado\u015bci i wsp\u00f3\u0142pracy:<\/p>\n<p>L \u2013 Leniuchowanie? Nie w naszym stylu! 8 godzin aktywno\u015bci i kreatywnych zaj\u0119\u0107 dziennie.<\/p>\n<p>U \u2013 Uczymy przez zabaw\u0119 \u2013 jazdy na rolkach, wsp\u00f3\u0142pracy w grupie, rado\u015bci z ruchu.<\/p>\n<p>C \u2013 Cz\u0142owiek to priorytet \u2013 stawiamy na bezpiecze\u0144stwo, empati\u0119 i dobre relacje.<\/p>\n<p>E \u2013 Extra, super, fajnie \u2013 tak dzieci opisuj\u0105 ka\u017cdy dzie\u0144 z nami!<\/p>\n<p>Dlaczego My? Organizujemy p\u00f3\u0142kolonie w Bielsku-Bia\u0142ej ju\u017c 10. rok z rz\u0119du \u2013 zaufali nam rodzice ponad 3011 dzieci!<\/p>\n<p><span class=\"Apple-converted-space\">JU\u017b TERAZ ZAPRASZAMY NA P\u00d3\u0141KOLONI\u0118 NA SPORTOWO W 2026 ROKU !<\/span><\/p>\n<p><span class=\"Apple-converted-space\"><\/span><\/p>\n<p>[\/et_pb_text][\/et_pb_column][\/et_pb_row][et_pb_row _builder_version=&#8221;4.9.2&#8243; _module_preset=&#8221;default&#8221;][et_pb_column type=&#8221;4_4&#8243; _builder_version=&#8221;4.9.2&#8243; _module_preset=&#8221;default&#8221;][et_pb_image src=&#8221;https:\/\/lucecieszyn.pl\/wp-content\/uploads\/2025\/06\/polkolonia-luce-plakat-6.png&#8221; title_text=&#8221;p\u00f3\u0142kolonia luce plakat-6&#8243; _builder_version=&#8221;4.9.2&#8243; _module_preset=&#8221;default&#8221;][\/et_pb_image][\/et_pb_column][\/et_pb_row][\/et_pb_section][et_pb_section fb_built=&#8221;1&#8243; admin_label=&#8221;Call To Action&#8221; _builder_version=&#8221;4.9.2&#8243; background_color=&#8221;RGBA(0,0,0,0)&#8221; use_background_color_gradient=&#8221;on&#8221; background_color_gradient_start=&#8221;#283d4b&#8221; background_color_gradient_end=&#8221;rgba(128,103,79,0.5)&#8221; background_color_gradient_direction=&#8221;70deg&#8221; background_color_gradient_overlays_image=&#8221;on&#8221; background_enable_image=&#8221;off&#8221; custom_margin=&#8221;|||&#8221; custom_padding=&#8221;13vw||7vw||false|false&#8221; top_divider_style=&#8221;mountains2&#8243; top_divider_color=&#8221;#FFFFFF&#8221; top_divider_height=&#8221;18vw&#8221; top_divider_repeat=&#8221;0.5x&#8221; top_divider_flip=&#8221;horizontal&#8221; bottom_divider_style=&#8221;mountains2&#8243; bottom_divider_color=&#8221;#EDF000&#8243; bottom_divider_height=&#8221;14%&#8221; bottom_divider_repeat=&#8221;0.5x&#8221; bottom_divider_flip=&#8221;horizontal&#8221; locked=&#8221;off&#8221;][\/et_pb_section]<\/p>\n","protected":false},"excerpt":{"rendered":"<p>[et_pb_section fb_built=&#8221;1&#8243; custom_padding_last_edited=&#8221;off|desktop&#8221; admin_label=&#8221;Services&#8221; _builder_version=&#8221;3.22&#8243; custom_padding=&#8221;|||&#8221;][et_pb_row _builder_version=&#8221;4.9.2&#8243; _module_preset=&#8221;default&#8221;][et_pb_column type=&#8221;4_4&#8243; _builder_version=&#8221;4.9.2&#8243; _module_preset=&#8221;default&#8221;][et_pb_text _builder_version=&#8221;4.9.2&#8243; _module_preset=&#8221;default&#8221; text_orientation=&#8221;justified&#8221;] Rakacje z energi\u0105, ruchem i u\u015bmiechem? Tylko z LUCE\u2013 sportowe p\u00f3\u0142kolonie 2025! Po raz pierwszy w Cieszynie.\u00a0 Niezapomniany turnus pe\u0142ny aktywno\u015bci, przyg\u00f3d i \u015bwietnej zabawy! &nbsp; Drodzy Rodzice, je\u015bli szukacie miejsca, gdzie Wasze dziecko nie tylko sp\u0119dzi czas bezpiecznie, ale te\u017c [&hellip;]<\/p>\n","protected":false},"author":1,"featured_media":0,"parent":0,"menu_order":0,"comment_status":"closed","ping_status":"closed","template":"","meta":{"_et_pb_use_builder":"on","_et_pb_old_content":"","_et_gb_content_width":"","_monsterinsights_skip_tracking":false,"_monsterinsights_sitenote_active":false,"_monsterinsights_sitenote_note":"","_monsterinsights_sitenote_category":0},"yoast_head":"<!-- This site is optimized with the Yoast SEO plugin v19.2 - https:\/\/yoast.com\/wordpress\/plugins\/seo\/ -->\n<title>P\u00f3\u0142kolonia - LUCE Cieszyn - Klub Hokejowy<\/title>\n<meta name=\"robots\" content=\"index, follow, max-snippet:-1, max-image-preview:large, max-video-preview:-1\" \/>\n<link rel=\"canonical\" href=\"https:\/\/lucecieszyn.pl\/?page_id=1017\" \/>\n<meta property=\"og:locale\" content=\"pl_PL\" \/>\n<meta property=\"og:type\" content=\"article\" \/>\n<meta property=\"og:title\" content=\"P\u00f3\u0142kolonia - LUCE Cieszyn - Klub Hokejowy\" \/>\n<meta property=\"og:description\" content=\"[et_pb_section fb_built=&#8221;1&#8243; custom_padding_last_edited=&#8221;off|desktop&#8221; admin_label=&#8221;Services&#8221; _builder_version=&#8221;3.22&#8243; custom_padding=&#8221;|||&#8221;][et_pb_row _builder_version=&#8221;4.9.2&#8243; _module_preset=&#8221;default&#8221;][et_pb_column type=&#8221;4_4&#8243; _builder_version=&#8221;4.9.2&#8243; _module_preset=&#8221;default&#8221;][et_pb_text _builder_version=&#8221;4.9.2&#8243; _module_preset=&#8221;default&#8221; text_orientation=&#8221;justified&#8221;] Rakacje z energi\u0105, ruchem i u\u015bmiechem? Tylko z LUCE\u2013 sportowe p\u00f3\u0142kolonie 2025! Po raz pierwszy w Cieszynie.\u00a0 Niezapomniany turnus pe\u0142ny aktywno\u015bci, przyg\u00f3d i \u015bwietnej zabawy! &nbsp; Drodzy Rodzice, je\u015bli szukacie miejsca, gdzie Wasze dziecko nie tylko sp\u0119dzi czas bezpiecznie, ale te\u017c [&hellip;]\" \/>\n<meta property=\"og:url\" content=\"https:\/\/lucecieszyn.pl\/?page_id=1017\" \/>\n<meta property=\"og:site_name\" content=\"LUCE Cieszyn - Klub Hokejowy\" \/>\n<meta property=\"article:modified_time\" content=\"2025-08-29T13:38:35+00:00\" \/>\n<meta name=\"author\" content=\"lucecieszyn\" \/>\n<meta name=\"twitter:card\" content=\"summary_large_image\" \/>\n<script type=\"application\/ld+json\" class=\"yoast-schema-graph\">{\"@context\":\"https:\/\/schema.org\",\"@graph\":[{\"@type\":\"WebSite\",\"@id\":\"https:\/\/lucecieszyn.pl\/#website\",\"url\":\"https:\/\/lucecieszyn.pl\/\",\"name\":\"LUCE Cieszyn - Klub Hokejowy\",\"description\":\"Hokej na lodzie w Cieszynie\",\"potentialAction\":[{\"@type\":\"SearchAction\",\"target\":{\"@type\":\"EntryPoint\",\"urlTemplate\":\"https:\/\/lucecieszyn.pl\/?s={search_term_string}\"},\"query-input\":\"required name=search_term_string\"}],\"inLanguage\":\"pl-PL\"},{\"@type\":\"WebPage\",\"@id\":\"https:\/\/lucecieszyn.pl\/?page_id=1017#webpage\",\"url\":\"https:\/\/lucecieszyn.pl\/?page_id=1017\",\"name\":\"P\u00f3\u0142kolonia - LUCE Cieszyn - Klub Hokejowy\",\"isPartOf\":{\"@id\":\"https:\/\/lucecieszyn.pl\/#website\"},\"datePublished\":\"2025-05-29T09:31:42+00:00\",\"dateModified\":\"2025-08-29T13:38:35+00:00\",\"breadcrumb\":{\"@id\":\"https:\/\/lucecieszyn.pl\/?page_id=1017#breadcrumb\"},\"inLanguage\":\"pl-PL\",\"potentialAction\":[{\"@type\":\"ReadAction\",\"target\":[\"https:\/\/lucecieszyn.pl\/?page_id=1017\"]}]},{\"@type\":\"BreadcrumbList\",\"@id\":\"https:\/\/lucecieszyn.pl\/?page_id=1017#breadcrumb\",\"itemListElement\":[{\"@type\":\"ListItem\",\"position\":1,\"name\":\"Strona g\u0142\u00f3wna\",\"item\":\"https:\/\/lucecieszyn.pl\/\"},{\"@type\":\"ListItem\",\"position\":2,\"name\":\"P\u00f3\u0142kolonia\"}]}]}<\/script>\n<!-- \/ Yoast SEO plugin. -->","yoast_head_json":{"title":"P\u00f3\u0142kolonia - LUCE Cieszyn - Klub Hokejowy","robots":{"index":"index","follow":"follow","max-snippet":"max-snippet:-1","max-image-preview":"max-image-preview:large","max-video-preview":"max-video-preview:-1"},"canonical":"https:\/\/lucecieszyn.pl\/?page_id=1017","og_locale":"pl_PL","og_type":"article","og_title":"P\u00f3\u0142kolonia - LUCE Cieszyn - Klub Hokejowy","og_description":"[et_pb_section fb_built=&#8221;1&#8243; custom_padding_last_edited=&#8221;off|desktop&#8221; admin_label=&#8221;Services&#8221; _builder_version=&#8221;3.22&#8243; custom_padding=&#8221;|||&#8221;][et_pb_row _builder_version=&#8221;4.9.2&#8243; _module_preset=&#8221;default&#8221;][et_pb_column type=&#8221;4_4&#8243; _builder_version=&#8221;4.9.2&#8243; _module_preset=&#8221;default&#8221;][et_pb_text _builder_version=&#8221;4.9.2&#8243; _module_preset=&#8221;default&#8221; text_orientation=&#8221;justified&#8221;] Rakacje z energi\u0105, ruchem i u\u015bmiechem? Tylko z LUCE\u2013 sportowe p\u00f3\u0142kolonie 2025! Po raz pierwszy w Cieszynie.\u00a0 Niezapomniany turnus pe\u0142ny aktywno\u015bci, przyg\u00f3d i \u015bwietnej zabawy! &nbsp; Drodzy Rodzice, je\u015bli szukacie miejsca, gdzie Wasze dziecko nie tylko sp\u0119dzi czas bezpiecznie, ale te\u017c [&hellip;]","og_url":"https:\/\/lucecieszyn.pl\/?page_id=1017","og_site_name":"LUCE Cieszyn - Klub Hokejowy","article_modified_time":"2025-08-29T13:38:35+00:00","author":"lucecieszyn","twitter_card":"summary_large_image","schema":{"@context":"https:\/\/schema.org","@graph":[{"@type":"WebSite","@id":"https:\/\/lucecieszyn.pl\/#website","url":"https:\/\/lucecieszyn.pl\/","name":"LUCE Cieszyn - Klub Hokejowy","description":"Hokej na lodzie w Cieszynie","potentialAction":[{"@type":"SearchAction","target":{"@type":"EntryPoint","urlTemplate":"https:\/\/lucecieszyn.pl\/?s={search_term_string}"},"query-input":"required name=search_term_string"}],"inLanguage":"pl-PL"},{"@type":"WebPage","@id":"https:\/\/lucecieszyn.pl\/?page_id=1017#webpage","url":"https:\/\/lucecieszyn.pl\/?page_id=1017","name":"P\u00f3\u0142kolonia - LUCE Cieszyn - Klub Hokejowy","isPartOf":{"@id":"https:\/\/lucecieszyn.pl\/#website"},"datePublished":"2025-05-29T09:31:42+00:00","dateModified":"2025-08-29T13:38:35+00:00","breadcrumb":{"@id":"https:\/\/lucecieszyn.pl\/?page_id=1017#breadcrumb"},"inLanguage":"pl-PL","potentialAction":[{"@type":"ReadAction","target":["https:\/\/lucecieszyn.pl\/?page_id=1017"]}]},{"@type":"BreadcrumbList","@id":"https:\/\/lucecieszyn.pl\/?page_id=1017#breadcrumb","itemListElement":[{"@type":"ListItem","position":1,"name":"Strona g\u0142\u00f3wna","item":"https:\/\/lucecieszyn.pl\/"},{"@type":"ListItem","position":2,"name":"P\u00f3\u0142kolonia"}]}]}},"_links":{"self":[{"href":"https:\/\/lucecieszyn.pl\/index.php?rest_route=\/wp\/v2\/pages\/1017"}],"collection":[{"href":"https:\/\/lucecieszyn.pl\/index.php?rest_route=\/wp\/v2\/pages"}],"about":[{"href":"https:\/\/lucecieszyn.pl\/index.php?rest_route=\/wp\/v2\/types\/page"}],"author":[{"embeddable":true,"href":"https:\/\/lucecieszyn.pl\/index.php?rest_route=\/wp\/v2\/users\/1"}],"replies":[{"embeddable":true,"href":"https:\/\/lucecieszyn.pl\/index.php?rest_route=%2Fwp%2Fv2%2Fcomments&post=1017"}],"version-history":[{"count":7,"href":"https:\/\/lucecieszyn.pl\/index.php?rest_route=\/wp\/v2\/pages\/1017\/revisions"}],"predecessor-version":[{"id":1070,"href":"https:\/\/lucecieszyn.pl\/index.php?rest_route=\/wp\/v2\/pages\/1017\/revisions\/1070"}],"wp:attachment":[{"href":"https:\/\/lucecieszyn.pl\/index.php?rest_route=%2Fwp%2Fv2%2Fmedia&parent=1017"}],"curies":[{"name":"wp","href":"https:\/\/api.w.org\/{rel}","templated":true}]}}